{"id":13,"date":"2016-03-17T12:54:12","date_gmt":"2016-03-17T12:54:12","guid":{"rendered":"http:\/\/www.transportescastellar.com\/?page_id=13"},"modified":"2016-03-18T11:10:05","modified_gmt":"2016-03-18T11:10:05","slug":"bolsa-de-almacenaje","status":"publish","type":"page","link":"https:\/\/www.transportescastellar.com\/en\/bolsa-de-almacenaje\/","title":{"rendered":"Bolsa de Almacenaje"},"content":{"rendered":"<p>[vc_row full_width=&#8221;&#8221; parallax=&#8221;&#8221; parallax_image=&#8221;&#8221;][vc_column width=&#8221;1\/6&#8243;][vc_column_text]<br \/>\n[\/vc_column_text][\/vc_column][vc_column width=&#8221;2\/3&#8243;][vc_row_inner][vc_column_inner el_class=&#8221;&#8221; width=&#8221;1\/2&#8243;][vc_column_text]<\/p>\n<p style=\"text-align: justify;\">Ofrecemos convertir sus costes fijos en costes variables.<\/p>\n<p style=\"text-align: justify;\">Usted solo paga en funci\u00f3n de su actividad.<\/p>\n<p style=\"text-align: justify;\">Nosotros lo ponemos <span style=\"color: #c02d49;\"><strong>TODO.<\/strong><\/span><\/p>\n<hr \/>\n<p style=\"text-align: justify;\">Disponemos de una base log\u00edstica en Onda (Castell\u00f3n), cuna espa\u00f1ola del azulejo, con una extensi\u00f3n total de 5000m2:<br \/>\n\u2022 \u00a0 Superficie al aire libre vallada 4000m2<br \/>\n\u2022 \u00a0 Almac\u00e9n cubierto de 1000m2.<br \/>\n\u2022 \u00a0Horario de Lunes a Viernes de 8:00hras a 13,30hras y de 15,00hras a 18,30hras.<br \/>\n\u2022 \u00a0 Descarga de emergencia.<br \/>\n\u2022 \u00a0 3 carretillas elevadoras<br \/>\n\u2022 \u00a0 B\u00e1scula.<br \/>\n\u2022 \u00a0 Preparaci\u00f3n de pedidos.<br \/>\n\u2022 \u00a0 Control de stock<br \/>\n\u2022 \u00a0 Gesti\u00f3n administrativa-comercial.<br \/>\n\u2022 \u00a0 200m2 de oficinas.<\/p>\n<p>[\/vc_column_text][\/vc_column_inner][vc_column_inner el_class=&#8221;&#8221; width=&#8221;1\/2&#8243;][vc_single_image image=&#8221;66&#8243; alignment=&#8221;center&#8221; border_color=&#8221;grey&#8221; img_link_large=&#8221;&#8221; img_link_target=&#8221;_self&#8221; img_size=&#8221;full&#8221;][\/vc_column_inner][\/vc_row_inner][vc_row_inner][vc_column_inner el_class=&#8221;&#8221; width=&#8221;1\/4&#8243;]<br \/>\n[\/vc_column_inner][vc_column_inner el_class=&#8221;&#8221; width=&#8221;1\/2&#8243;][vc_column_text]<\/p>\n<p style=\"text-align: justify;\"><span style=\"color: #c02d49;\">SI USTED DESEA TENER UNA DELEGACI\u00d3N \u00d3 ALMACEN DISTRIBUIDOR EN ONDA-CASTELLON (ESPA\u00d1A) NO DUDE EN PONERSE EN CONTACTO CON NOSOTROS.<\/span><\/p>\n<p style=\"text-align: justify;\"><a href=\"mailto:almacen@transportescastellar.com\">almacen@transportescastellar.com<\/a><\/p>\n<p>[\/vc_column_text][\/vc_column_inner][vc_column_inner el_class=&#8221;&#8221; width=&#8221;1\/4&#8243;]<br \/>\n[\/vc_column_inner][\/vc_row_inner][\/vc_column][vc_column width=&#8221;1\/6&#8243;][vc_column_text]<br \/>\n[\/vc_column_text][\/vc_column][\/vc_row]<\/p>\n","protected":false},"excerpt":{"rendered":"<p>[vc_row full_width=&#8221;&#8221; parallax=&#8221;&#8221; parallax_image=&#8221;&#8221;][vc_column width=&#8221;1\/6&#8243;][vc_column_text] [\/vc_column_text][\/vc_column][vc_column width=&#8221;2\/3&#8243;][vc_row_inner][vc_column_inner el_class=&#8221;&#8221; width=&#8221;1\/2&#8243;][vc_column_text] Ofrecemos convertir sus costes fijos en costes variables. Usted solo paga en funci\u00f3n de su actividad. Nosotros lo ponemos TODO. Disponemos de una base log\u00edstica en Onda (Castell\u00f3n), cuna espa\u00f1ola del azulejo, con una extensi\u00f3n total de 5000m2: \u2022 \u00a0 Superficie al aire libre vallada 4000m2 \u2022 \u00a0 Almac\u00e9n cubierto de 1000m2. \u2022 \u00a0Horario de Lunes a Viernes de 8:00hras a 13,30hras y de 15,00hras a 18,30hras. \u2022 \u00a0 Descarga de emergencia. \u2022 \u00a0 3 carretillas elevadoras \u2022 \u00a0 B\u00e1scula. \u2022 \u00a0 Preparaci\u00f3n de pedidos. \u2022 \u00a0 Control de stock \u2022 \u00a0 Gesti\u00f3n administrativa-comercial. \u2022 \u00a0 200m2 de oficinas. [\/vc_column_text][\/vc_column_inner][vc_column_inner el_class=&#8221;&#8221; width=&#8221;1\/2&#8243;][vc_single_image image=&#8221;66&#8243; alignment=&#8221;center&#8221; border_color=&#8221;grey&#8221; img_link_large=&#8221;&#8221; img_link_target=&#8221;_self&#8221; img_size=&#8221;full&#8221;][\/vc_column_inner][\/vc_row_inner][vc_row_inner][vc_column_inner el_class=&#8221;&#8221; width=&#8221;1\/4&#8243;] [\/vc_column_inner][vc_column_inner el_class=&#8221;&#8221; width=&#8221;1\/2&#8243;][vc_column_text] SI USTED DESEA TENER UNA DELEGACI\u00d3N \u00d3 ALMACEN DISTRIBUIDOR EN ONDA-CASTELLON (ESPA\u00d1A) NO DUDE EN PONERSE EN CONTACTO CON NOSOTROS. almacen@transportescastellar.com [\/vc_column_text][\/vc_column_inner][vc_column_inner el_class=&#8221;&#8221; width=&#8221;1\/4&#8243;] [\/vc_column_inner][\/vc_row_inner][\/vc_column][vc_column width=&#8221;1\/6&#8243;][vc_column_text] [\/vc_column_text][\/vc_column][\/vc_row]<\/p>\n","protected":false},"author":1,"featured_media":0,"parent":0,"menu_order":0,"comment_status":"closed","ping_status":"closed","template":"","meta":[],"translation":{"provider":"WPGlobus","version":"2.5.17","language":"en","enabled_languages":["es","en"],"languages":{"es":{"title":true,"content":true,"excerpt":false},"en":{"title":false,"content":false,"excerpt":false}}},"_links":{"self":[{"href":"https:\/\/www.transportescastellar.com\/en\/wp-json\/wp\/v2\/pages\/13"}],"collection":[{"href":"https:\/\/www.transportescastellar.com\/en\/wp-json\/wp\/v2\/pages"}],"about":[{"href":"https:\/\/www.transportescastellar.com\/en\/wp-json\/wp\/v2\/types\/page"}],"author":[{"embeddable":true,"href":"https:\/\/www.transportescastellar.com\/en\/wp-json\/wp\/v2\/users\/1"}],"replies":[{"embeddable":true,"href":"https:\/\/www.transportescastellar.com\/en\/wp-json\/wp\/v2\/comments?post=13"}],"version-history":[{"count":8,"href":"https:\/\/www.transportescastellar.com\/en\/wp-json\/wp\/v2\/pages\/13\/revisions"}],"predecessor-version":[{"id":73,"href":"https:\/\/www.transportescastellar.com\/en\/wp-json\/wp\/v2\/pages\/13\/revisions\/73"}],"wp:attachment":[{"href":"https:\/\/www.transportescastellar.com\/en\/wp-json\/wp\/v2\/media?parent=13"}],"curies":[{"name":"wp","href":"https:\/\/api.w.org\/{rel}","templated":true}]}}

<p>[vc_row full_width=&#8221;&#8221; parallax=&#8221;&#8221; parallax_image=&#8221;&#8221;][vc_column width=&#8221;1/6&#8243;][vc_column_text]<br />
[/vc_column_text][/vc_column][vc_column width=&#8221;2/3&#8243;][vc_row_inner][vc_column_inner el_class=&#8221;&#8221; width=&#8221;1/2&#8243;][vc_column_text]</p>
<p style="text-align: justify;">Ofrecemos convertir sus costes fijos en costes variables.</p>
<p style="text-align: justify;">Usted solo paga en función de su actividad.</p>
<p style="text-align: justify;">Nosotros lo ponemos <span style="color: #c02d49;"><strong>TODO.</strong></span></p>
<hr />
<p style="text-align: justify;">Disponemos de una base logística en Onda (Castellón), cuna española del azulejo, con una extensión total de 5000m2:<br />
•   Superficie al aire libre vallada 4000m2<br />
•   Almacén cubierto de 1000m2.<br />
•  Horario de Lunes a Viernes de 8:00hras a 13,30hras y de 15,00hras a 18,30hras.<br />
•   Descarga de emergencia.<br />
•   3 carretillas elevadoras<br />
•   Báscula.<br />
•   Preparación de pedidos.<br />
•   Control de stock<br />
•   Gestión administrativa-comercial.<br />
•   200m2 de oficinas.</p>
<p>[/vc_column_text][/vc_column_inner][vc_column_inner el_class=&#8221;&#8221; width=&#8221;1/2&#8243;][vc_single_image image=&#8221;66&#8243; alignment=&#8221;center&#8221; border_color=&#8221;grey&#8221; img_link_large=&#8221;&#8221; img_link_target=&#8221;_self&#8221; img_size=&#8221;full&#8221;][/vc_column_inner][/vc_row_inner][vc_row_inner][vc_column_inner el_class=&#8221;&#8221; width=&#8221;1/4&#8243;]<br />
[/vc_column_inner][vc_column_inner el_class=&#8221;&#8221; width=&#8221;1/2&#8243;][vc_column_text]</p>
<p style="text-align: justify;"><span style="color: #c02d49;">SI USTED DESEA TENER UNA DELEGACIÓN Ó ALMACEN DISTRIBUIDOR EN ONDA-CASTELLON (ESPAÑA) NO DUDE EN PONERSE EN CONTACTO CON NOSOTROS.</span></p>
<p style="text-align: justify;"><a href="mailto:almacen@transportescastellar.com">almacen@transportescastellar.com</a></p>
<p>[/vc_column_text][/vc_column_inner][vc_column_inner el_class=&#8221;&#8221; width=&#8221;1/4&#8243;]<br />
[/vc_column_inner][/vc_row_inner][/vc_column][vc_column width=&#8221;1/6&#8243;][vc_column_text]<br />
[/vc_column_text][/vc_column][/vc_row]</p>

<p>[vc_row full_width=&#8221;&#8221; parallax=&#8221;&#8221; parallax_image=&#8221;&#8221;][vc_column width=&#8221;1/6&#8243;][vc_column_text] [/vc_column_text][/vc_column][vc_column width=&#8221;2/3&#8243;][vc_row_inner][vc_column_inner el_class=&#8221;&#8221; width=&#8221;1/2&#8243;][vc_column_text] Ofrecemos convertir sus costes fijos en costes variables. Usted solo paga en función de su actividad. Nosotros lo ponemos TODO. Disponemos de una base logística en Onda (Castellón), cuna española del azulejo, con una extensión total de 5000m2: •   Superficie al aire libre vallada 4000m2 •   Almacén cubierto de 1000m2. •  Horario de Lunes a Viernes de 8:00hras a 13,30hras y de 15,00hras a 18,30hras. •   Descarga de emergencia. •   3 carretillas elevadoras •   Báscula. •   Preparación de pedidos. •   Control de stock •   Gestión administrativa-comercial. •   200m2 de oficinas. [/vc_column_text][/vc_column_inner][vc_column_inner el_class=&#8221;&#8221; width=&#8221;1/2&#8243;][vc_single_image image=&#8221;66&#8243; alignment=&#8221;center&#8221; border_color=&#8221;grey&#8221; img_link_large=&#8221;&#8221; img_link_target=&#8221;_self&#8221; img_size=&#8221;full&#8221;][/vc_column_inner][/vc_row_inner][vc_row_inner][vc_column_inner el_class=&#8221;&#8221; width=&#8221;1/4&#8243;] [/vc_column_inner][vc_column_inner el_class=&#8221;&#8221; width=&#8221;1/2&#8243;][vc_column_text] SI USTED DESEA TENER UNA DELEGACIÓN Ó ALMACEN DISTRIBUIDOR EN ONDA-CASTELLON (ESPAÑA) NO DUDE EN PONERSE EN CONTACTO CON NOSOTROS. almacen@transportescastellar.com [/vc_column_text][/vc_column_inner][vc_column_inner el_class=&#8221;&#8221; width=&#8221;1/4&#8243;] [/vc_column_inner][/vc_row_inner][/vc_column][vc_column width=&#8221;1/6&#8243;][vc_column_text] [/vc_column_text][/vc_column][/vc_row]</p>
